e 2, what is 11 - 1101111111001?
-1101111110110
In base 12, what is -25 + -1795?
-17ba
In base 10, what is 63444 - -1?
63445
In base 14, what is 2 + -1179db?
-1179d9
In base 5, what is -310 + -134240?
-140100
In base 4, what is -1023123100 - -2?
-1023123032
In base 6, what is -25332 + 425?
-24503
In base 3, what is 21 + -101220201?
-101220110
In base 10, what is -670 + -372?
-1042
In base 8, what is -11 + -57051?
-57062
In base 13, what is -c4 + -1801?
-18c5
In base 13, what is -22abc + 1?
-22abb
In base 10, what is -528 - 802?
-1330
In base 4, what is -223220013 + 0?
-223220013
In base 8, what is 16355 + 1?
16356
In base 16, what is -e356 + -2?
-e358
In base 12, what is 3 + 16b28?
16b2b
In base 4, what is 102021 + 231031?
333112
In base 10, what is 23 - -3575?
3598
In base 10, what is -824 + -4293?
-5117
In base 7, what is -124165 + 110?
-124055
In base 7, what is -24 + 5150?
5123
In base 16, what is d14 + -3b5?
95f
In base 13, what is -c14 + -55?
-c69
In base 13, what is 12c8b5 - -5?
12c8ba
In base 9, what is 7572 + -3?
7568
In base 3, what is 200000011 + 121?
200000202
In base 7, what is -1463 - -506?
-654
In base 11, what is -3 + -443?
-446
In base 12, what is 16 + 129?
143
In base 5, what is 110133 + 202?
110340
In base 13, what is 68 - 3c?
29
In base 9, what is -274 - 51561?
-51845
In base 14, what is 1823 + 4?
1827
In base 9, what is 5 - 7824?
-7818
In base 6, what is 315100 + -335?
314321
In base 7, what is -10633 - -43?
-10560
In base 10, what is -158 + -48?
-206
In base 7, what is 112 - -305?
420
In base 11, what is 74 + 19?
92
In base 7, what is 6 + -10033?
-10024
In base 10, what is -2359474 - 4?
-2359478
In base 5, what is 242441 + 1324?
244320
In base 3, what is 201010 - -1102?
202112
In base 6, what is 2011 - 24043?
-22032
In base 12, what is -192 + 1143?
b71
In base 4, what is -330030 + 121?
-323303
In base 11, what is -24 - -2349?
2325
In base 9, what is 8 + -11073?
-11064
In base 11, what is 4 + -8a31?
-8a28
In base 10, what is -2 - 64774?
-64776
In base 5, what is -4113243 + -2?
-4113300
In base 15, what is 3383d + -b?
33832
In base 4, what is 20001 + 1003?
21010
In base 13, what is -685 - 1ba?
-872
In base 8, what is -5 - 31376?
-31403
In base 16, what is -a4 - 60?
-104
In base 6, what is -14254532 + -2?
-14254534
In base 14, what is 5505 - -8?
550d
In base 3, what is 101102011000 + 1?
101102011001
In base 14, what is -5 - 6557?
-655c
In base 7, what is -3 + -121405?
-121411
In base 14, what is -600 - 30?
-630
In base 2, what is 10001111 + 111101000000?
111111001111
In base 11, what is 55a42 + 2a?
55a71
In base 13, what is 38 + -223?
-1b8
In base 10, what is 105758 - 4?
105754
In base 2, what is -10000 - -1011000010110010?
1011000010100010
In base 13, what is 12a153 + -1?
12a152
In base 14, what is 3 + -4249c?
-42499
In base 9, what is 1531265 + -2?
1531263
In base 3, what is -1211002021120 + 0?
-1211002021120
In base 4, what is -221 + 300113?
233232
In base 8, what is 10166 + 11?
10177
In base 16, what is 1db - 5f?
17c
In base 11, what is 102 - 2879?
-2777
In base 16, what is -2 - 4aec?
-4aee
In base 13, what is 1247 - 19?
122b
In base 16, what is 133a - -49?
1383
In base 14, what is 22cc - -2?
22d0
In base 9, what is 104314 - 2?
104312
In base 9, what is 2 + -287385?
-287383
In base 14, what is -1d4b2c - 6?
-1d4b34
In base 12, what is b490 + 16a?
b63a
In base 7, what is 5 - -224136?
224144
In base 4, what is -13 + 11123133?
11123120
In base 7, what is 26 - -364?
423
In base 9, what is -61 + 1433?
1362
In base 9, what is -88 - 14118?
-14217
In base 7, what is 13 - 4312?
-4266
In base 15, what is -1 + 4847?
4846
In base 6, what is -314315 + 15?
-314300
In base 11, what is -5 + -322a1?
-322a6
In base 13, what is 0 + 399361?
399361
In base 12, what is -36 + -51a?
-554
In base 4, what is 1000203 + 1320?
1002123
In base 9, what is -32117 - -2?
-32115
In base 16, what is -a + -3c26b?
-3c275
In base 11, what is -3 - -17744?
17741
In base 13, what is 4ba5 + 10?
4bb5
In base 15, what is -e6 + 1788?
1692
In base 3, what is 0 + -2100120202?
-2100120202
In base 6, what is 124352 - -104?
124500
In base 6, what is -1250 + 1055?
-151
In base 13, what is -19c943 + 1?
-19c942
In base 5, what is -112 + -3112?
-3224
In base 2, what is -100 - 1000101110001000?
-1000101110001100
In base 4, what is -10102110 + 2?
-10102102
In base 15, what is -5 + ab14?
ab0e
In base 4, what is 3131231 + -2?
3131223
In base 7, what is 212 + -105662?
-105450
In base 5, what is 1 + -404104?
-404103
In base 2, what is -1 + 11010111011111?
11010111011110
In base 3, what is 11120 + 201112?
220002
In base 6, what is -35 + -2044?
-2123
In base 10, what is -451784 + -3?
-451787
In base 13, what is 4c304 - -5?
4c309
In base 10, what is -1342 - -171?
-1171
In base 12, what is 22 + -5702?
-56a0
In base 16, what is 6b8 + 13?
6cb
In base 11, what is -862a4 + 5?
-8629a
In base 2, what is 1011000100000111011111 - -101?
1011000100000111100100
In base 14, what is -2981 + -3?
-2984
In base 8, what is 3 + 5120455?
5120460
In base 14, what is -4 + 645b?
6457
In base 2, what is 11 - -101111100010111011?
101111100010111110
In base 9, what is -8183 + 13?
-8170
In base 4, what is 1230130 + 12?
1230202
In base 15, what is 92 + 9a6?
a48
In base 11, what is -1811 + -2043?
-3854
In base 8, what is -2 - -7764?
7762
In base 4, what is 100 - -33230?
33330
In base 12, what is -1337 + -679?
-19b4
In base 5, what is 11300 - -44?
11344
In base 2, what is 11110 - -10?
100000
In base 14, what is b8 + 53?
12b
In base 10, what is 55690 - 3?
55687
In base 8, what is 116 + -2150?
-2032
In base 15, what is -3 + 2a3?
2a0
In base 3, what is 220 + 1012210?
1020200
In base 4, what is -10101001 + 1102?
-10033233
In base 5, what is 10 + 120104133?
120104143
In base 6, what is -3421 + -333?
-4154
In base 11, what is -34a97 - 5?
-34aa1
In base 13, what is 2092c3 + 1?
2092c4
In base 3, what is -10 + 220011220?
220011210
In base 10, what is 8 + 232614?
232622
In base 4, what is 1 - -10231200232?
10231200233
In base 7, what is -6555454 + 0?
-6555454
In base 4, what is -1211302 - -32?
-1211210
In base 5, what is -1 + -10444301?
-10444302
In base 3, what is -2 - 121220112?
-121220121
In base 13, what is 1 + -70c9?
-70c8
In base 4, what is -1 + 321032031?
321032030
In base 3, what is -12112 + -1112201?
-1202020
In base 14, what is 1 - -1954d?
19550
In base 13, what is 3 + 533b?
5341
In base 8, what is 12306 + 41?
12347
In base 11, what is 103a9 + -15?
10394
In base 12, what is 27 - 158?
-131
In base 4, what is -10132123122 - -2?
-10132123120
In base 2, what is -111100100110110100 + -1?
-111100100110110101
In base 15, what is 5 + -e70b?
-e706
In base 16, what is 18ce - 4?
18ca
In base 14, what is bb0a - -4?
bb10
In base 11, what is -1252 - 22?
-1274
In base 3, what is -1010021221111 + -20?
-1010021221201
In base 5, what is 3 + 342410?
342413
In base 6, what is 10 + -12205441?
-12205431
In base 15, what is 11a9 + -3a?
116e
In base 4, what is -222 + -220232?
-221120
In base 2, what is 11 + 1101100111110010?
1101100111110101
In base 11, what is -5 + 89671?
89667
In base 10, what is 46 - -11568?
11614
In base 14, what is -60a + -47d?
-a89
In base 15, what is -c + -124c?
-1259
In base 9, what is 3 + 261888?
262002
In base 12, what is -1 + 14676?
14675
In base 15, what is -b - 4daa?
-4db6
In base 10, what is -8 - 3433?
-3441
In base 2, what is -1101110101 + -10111001111?
-100101000100
In base 5, what is -3 - -33444413?
33444410
In base 8, what is 0 + -407?
-407
In base 9, what is -5452 + -50?
-5512
In base 13, what is 37 - 536?
-4cc
In base 9, what is 4 - -33425?
33430
In base 5, what is -21310030 + -4?
-21310034
In base 4, what is 3 + -20332230?
-20332221
In base 5, what is 3 - -1001202?
1001210
In base 11, what is 3 - 94152?
-9414a
In base 2, what is 1010000110010110 + 1010?
1010000110100000
In base 15, what is 35 + 1?
36
In base 14, what is 5c13 + 5?
5c18
In base 6, what is 4 - -3024034?
3024042
In base 16, what is -b - 8cf?
-8da
In base 4, what is -2 - 1130233120?
-1130233122
In base 15, what is -184 + 9e?
-d5
In base 10, what is 5 - -1853?
1858
In base 9, what is 37601 - 18?
37572
In base 4, what is 103223230 - -3?
103223233
In base 12, what is -177728 - 5?
-177731
In base 8, what is 26 + 244370?
244416
In base 16